67
What are the prime factors of 38932547?
37, 1052231
List the prime factors of 31719231.
3, 23, 31, 4943
What are the prime factors of 1416962327?
11, 128814757
What are the prime factors of 368403865?
5, 73680773
List the prime factors of 2850670.
2, 5, 89, 3203
What are the prime factors of 630088878?
2, 3, 105014813
What are the prime factors of 243952336?
2, 149, 102329
List the prime factors of 319039595.
5, 7, 17, 53, 67, 151
What are the prime factors of 159022633?
7, 11, 37, 55817
What are the prime factors of 182829253?
29, 1723, 3659
What are the prime factors of 645418222?
2, 107, 281, 10733
List the prime factors of 132008800.
2, 5, 7, 11, 2143
What are the prime factors of 200538956?
2, 83, 137, 4409
What are the prime factors of 39934682?
2, 29, 149, 4621
List the prime factors of 179744767.
631, 284857
List the prime factors of 48492760.
2, 5, 1212319
List the prime factors of 808674820.
2, 5, 40433741
List the prime factors of 1893238893.
3, 7, 13, 59273
List the prime factors of 399051457.
7, 57007351
What are the prime factors of 553989587?
311, 1781317
What are the prime factors of 13304365?
5, 2660873
List the prime factors of 667153717.
683, 976799
What are the prime factors of 15225183?
3, 17, 191, 521
List the prime factors of 309035596.
2, 77258899
List the prime factors of 94516454.
2, 47258227
List the prime factors of 1901081398.
2, 950540699
What are the prime factors of 134370177?
3, 157, 285287
List the prime factors of 1481363765.
5, 7, 17, 2489687
What are the prime factors of 31576614?
2, 3, 37, 142237
List the prime factors of 77682033.
3, 11, 13, 4643
List the prime factors of 1421398302.
2, 3, 1861, 127297
What are the prime factors of 43389597?
3, 19, 29, 26249
List the prime factors of 33749986.
2, 97, 173969
What are the prime factors of 26367564?
2, 3, 47, 46751
What are the prime factors of 329401846?
2, 31, 5312933
What are the prime factors of 7507052?
2, 7, 19, 103, 137
What are the prime factors of 87457228?
2, 19, 1049, 1097
List the prime factors of 5124151257.
3, 277, 6166247
List the prime factors of 254242233.
3, 7, 9151
What are the prime factors of 36400485?
3, 5, 11, 17, 19, 683
What are the prime factors of 72016498?
2, 19, 461, 4111
List the prime factors of 403136271.
3, 184333
List the prime factors of 52198092.
2, 3, 17, 19, 67
What are the prime factors of 345975528?
2, 3, 59, 244333
What are the prime factors of 11753335?
5, 11, 19427
What are the prime factors of 406186593?
3, 17, 7964443
What are the prime factors of 1082435480?
2, 5, 7, 552263
List the prime factors of 46445165.
5, 13, 23, 47, 661
List the prime factors of 2714537446.
2, 1357268723
List the prime factors of 187574098.
2, 41, 59, 137, 283
List the prime factors of 33981063.
3, 19, 596159
List the prime factors of 561859514.
2, 29, 9687233
What are the prime factors of 25683437?
13, 83, 1831
What are the prime factors of 2570102932?
2, 642525733
What are the prime factors of 1577978374?
2, 7, 487, 231443
What are the prime factors of 630711497?
13, 23, 2109403
List the prime factors of 1395013444.
2, 11, 463, 68477
List the prime factors of 589986884.
2, 41, 53, 103, 659
What are the prime factors of 45442808?
2, 37, 153523
What are the prime factors of 63090527?
479, 131713
What are the prime factors of 80503571?
337, 238883
What are the prime factors of 105136518?
2, 3, 79, 221807
List the prime factors of 384566773.
3673, 104701
List the prime factors of 62961966.
2, 3, 173, 20219
List the prime factors of 113879627.
883, 128969
List the prime factors of 33017526.
2, 3, 1834307
List the prime factors of 1316878860.
2, 3, 5, 11, 1995271
List the prime factors of 2279799912.
2, 3, 13, 7307051
List the prime factors of 601778745.
3, 5, 1471, 9091
What are the prime factors of 75820815?
3, 5, 7, 240701
What are the prime factors of 65684811?
3, 97, 225721
List the prime factors of 6162870409.
6162870409
What are the prime factors of 68875001?
13, 5298077
List the prime factors of 20470183.
20470183
List the prime factors of 815658732.
2, 3, 7, 31, 263, 397
List the prime factors of 56415676.
2, 37, 89, 4283
List the prime factors of 2612871457.
7, 17, 83, 127, 2083
What are the prime factors of 166200876?
2, 3, 59, 26083
What are the prime factors of 13697274?
2, 3, 17, 134287
List the prime factors of 92435321.
11, 23, 365357
List the prime factors of 439488295.
5, 87897659
What are the prime factors of 1099800577?
3911, 281207
List the prime factors of 2336257025.
5, 83, 1125907
List the prime factors of 68824602.
2, 3, 7, 11, 17, 23, 127
List the prime factors of 73226141.
47, 33149
What are the prime factors of 36464520?
2, 3, 5, 303871
What are the prime factors of 1130510244?
2, 3, 199, 389, 1217
What are the prime factors of 2884817397?
3, 7, 11, 17, 313, 2347
List the prime factors of 76568375.
5, 13, 47119
List the prime factors of 48052752.
2, 3, 11, 91009
List the prime factors of 927277189.
17, 3121, 17477
List the prime factors of 323525913.
3, 71, 1518901
List the prime factors of 240064409.
13, 23, 499, 1609
List the prime factors of 80160962.
2, 7, 19, 43051
What are the prime factors of 280725019?
19, 14775001
What are the prime factors of 370117638?
2, 3, 11, 269, 6949
What are the prime factors of 376711511?
11, 34246501
What are the prime factors of 4662847?
7, 19, 35059
What are the prime factors of 849825120?
2, 3, 5, 73, 79, 307
What are the prime factors of 484671991?
37, 223, 58741
What are the prime factors of 22041236?
2, 7, 787187
What are the prime factors of 97466850?
2, 3, 5, 13, 16661
List the prime factors of 113511589.
263, 431603
List the prime factors of 37860927.
3, 13, 970793
What are the prime factors of 680532271?
9533, 71387
List the prime factors of 70112914.
2, 907, 38651
What are the prime factors of 17871068?
2, 4467767
List the prime factors of 837060995.
5, 167412199
List the prime factors of 76083196.
2, 7, 53, 167, 307
What are the prime factors of 1332725282?
2, 7, 95194663
What are the prime factors of 113102971?
113102971
What are the prime factors of 332696181?
3, 41, 2704847
What are the prime factors of 4966961634?
2, 3, 30660257
List the prime factors of 996548754.
2, 3, 31, 67, 79967
What are the prime factors of 663334082?
2, 43, 7713187
List the prime factors of 248202861.
3, 197, 461, 911
List the prime factors of 89691818.
2, 19, 2360311
What are the prime factors of 2312708481?
3, 19, 109, 127, 977
What are the prime factors of 164500140?
2, 3, 5, 7, 23, 17029
What are the prime factors of 61717826?
2, 30858913
What are the prime factors of 29090413?
11, 1297, 2039
What are the prime factors of 2465840999?
67, 36803597
What are the prime factors of 1527496211?
1527496211
List the prime factors of 478069387.
478069387
List the prime factors of 9059004.
2, 3, 251639
What are the prime factors of 1276522070?
2, 5, 127652207
List the prime factors of 513250844.
2, 3137, 40903
List the prime factors of 28597618.
2, 7, 2042687
List the prime factors of 162637866.
2, 3, 37, 59, 4139
What are the prime factors of 5821550533?
17, 829, 413081
What are the prime factors of 753390906?
2, 3, 125565151
List the prime factors of 2269038459.
3, 31, 2179, 11197
List the prime factors of 228953840.
2, 5, 29, 41, 83
What are the prime factors of 34315167?
3, 59, 193871
List the prime factors of 26040935.
5, 911, 5717
List the prime factors of 1238400592.
2, 11, 13, 23, 101, 233
List the prime factors of 335888279.
335888279
What are the prime factors of 127822744?
2, 7, 2282549
List the prime factors of 47513800.
2, 5, 353, 673
List the prime factors of 29120530.
2, 5, 23, 126611
List the prime factors of 290926558.
2, 13, 11189483
What are the prime factors of 49402687?
47, 563, 1867
List the prime factors of 5810341795.
5, 3347, 347197
List the prime factors of 19703588.
2, 1193, 4129
What are the prime factors of 256155858?
2, 3, 7, 113, 1999
List the prime factors of 4645177.
19, 41, 67, 89
List the prime factors of 299680222.
2, 311, 481801
What are the prime factors of 396473713?
396473713
What are the prime factors of 3653881780?
2, 5, 182694089
What are the prime factors of 7232277784?
2, 1361, 664243
What are the prime factors of 223518795?
3, 5, 349, 42697
Li